{"id":58,"date":"2020-12-04T02:41:20","date_gmt":"2020-12-04T01:41:20","guid":{"rendered":"http:\/\/notredamedeguadalupeparis.fr\/?page_id=58"},"modified":"2023-11-27T10:24:42","modified_gmt":"2023-11-27T09:24:42","slug":"la-fete-de-notre-dame-de-guadalupe-a-paris","status":"publish","type":"page","link":"https:\/\/notredamedeguadalupeparis.fr\/index.php\/la-fete-de-notre-dame-de-guadalupe-a-paris\/","title":{"rendered":"Notre Dame de Guadalupe \u00e0 Paris"},"content":{"rendered":"\n<p><strong>Una fiesta mexicana celebrada en Europa,\u00a0<\/strong><\/p>\n\n\n\n<p>Cada 12 de diciembre es un d\u00eda de fiesta para los mexicanos y latinoamericanos que honran la Santa Patrona y protectora. En Par\u00eds, desde hace varios a\u00f1os, una misa solemne se celebra alrededor del 12 de diciembre para honrar la Virgen de Guadalupe. La que lleva los t\u00edtulos de Reina de M\u00e9xico y emperatriz de las Am\u00e9ricas es el objeto de devoci\u00f3n muy grande por todo el mundo, en Francia y especialmente en Paris.&nbsp;<\/p>\n\n\n\n<p>As\u00ed, los mexicanos expatriados o de paso en Par\u00eds y los nacionales de otros pa\u00edses de Am\u00e9rica latina se juntan alrededor de la imagen de la Virgen &#8211; La Tilma &#8211; para cantar con los mariachis los famosos c\u00e1nticos: \u201clas ma\u00f1anitas\u201d y \u201dla Guadalupana\u201d.&nbsp;<\/p>\n\n\n\n<p><strong><span style=\"color:#05638b\" class=\"has-inline-color\">Une f\u00eate pour le Mexique et dans le Monde<\/span><\/strong><\/p>\n\n\n\n<p><span style=\"color:#05638b\" class=\"has-inline-color\">Depuis plusieurs ann\u00e9es, une messe solennelle est c\u00e9l\u00e9br\u00e9e \u00e0 Paris autour du 12 d\u00e9cembre pour honorer la Vierge de Guadalupe. Chaque 12 d\u00e9cembre c\u2019est jour de f\u00eate pour les mexicains et les latino-am\u00e9ricains qui honorent leur Sainte Patronne. Celle qui porte les titres de Reine du Mexique et d\u2019Imp\u00e9ratrice des Am\u00e9riques est aussi l\u2019objet d\u2019une grande d\u00e9votion de part le Monde et en France tout particuli\u00e8rement \u00e0 Paris.<\/span><\/p>\n\n\n\n<p><span style=\"color:#05638b\" class=\"has-inline-color\">Ainsi, les mexicains expatri\u00e9s ou de passage en France et les ressortissants des autres pays d\u2019Am\u00e9rique latine se rassemblent autour de l\u2019image de la Vierge pour chanter avec les musiciens mariachis les fameux cantiques \u00ab\u00a0Las Ma\u00f1anitas\u00a0\u00bb et \u00ab\u00a0La Guadalupana\u00a0\u00bb. La messe solennelle est c\u00e9l\u00e9br\u00e9e tous les ans dans l\u2019une des plus belles \u00e9glises parisiennes comme ce fut le cas en 2019 en l\u2019\u00e9glise Saint-Eug\u00e8ne dans le quartier des grands boulevards (9<sup>\u00e8me<\/sup> arr.) ou prochainement en l\u2019\u00e9glise Saint-Roch (1<sup>er<\/sup> arr.) en 2020, connue pour \u00eatre la paroisse des Artistes.<\/span><\/p>\n\n\n\n<p><strong>M\u00fasica y tradiciones\u00a0<\/strong><\/p>\n\n\n\n<p>La misa solemne se celebra cada a\u00f1o en una de las m\u00e1s hermosas iglesias parisinas como fue el caso en 2021 en la Iglesia San Roch (1er distrito) conocida por ser la parroquia de los artistas o como ser\u00e1 el caso en 2023 en la magnifica iglesia Saint Eug\u00e8ne de estilo neog\u00f3tico.\u00a0<\/p>\n\n\n\n<p>Esa misa es tambi\u00e9n la ocasi\u00f3n para los fieles de la Virgen de Guadalupe latinoamericanos y los numerosos franceses que asisten, para redescubrir la gran m\u00fasica sagrada del Nuevo Mundo. Innumerables obras compuestas en la Edad de Oro de las catedrales de M\u00e9xico y de los virreinatos de Am\u00e9rica del Sur forman un patrimonio art\u00edstico incre\u00edble inmenso que queda a\u00fan desconocido. Citemos a Manuel de Sumaya, Hernando Franco, Juan Guti\u00e9rrez de Padilla, Francisco Lopez Capillas como algunos de los mas destacados compositores de esa \u00e9poca. &nbsp;Durante la celebraci\u00f3n de la Fiesta de Nuestra Se\u00f1ora de Guadalupe en Par\u00eds, esas piezas musicales encuentran idealmente su lugar gracias al coro polif\u00f3nico.&nbsp;<\/p>\n\n\n\n<p><strong><span style=\"color:#05638b\" class=\"has-inline-color\">Musique et traditions<\/span><\/strong><\/p>\n\n\n\n<p><span style=\"color:#05638b\" class=\"has-inline-color\">Cette messe est aussi l\u2019occasion pour les fid\u00e8les latino-am\u00e9ricains et les nombreux fran\u00e7ais qui y assistent, de red\u00e9couvrir la grande musique sacr\u00e9e du Nouveau Monde. D\u2019innombrables pi\u00e8ces compos\u00e9es \u00e0 l\u2019\u00c2ge d\u2019Or des cath\u00e9drales de Mexico et des vice-royaut\u00e9s d\u2019Am\u00e9rique du sud forment un patrimoine artistique immense insuffisamment connu (Zumaya, H. Franco, J. Gutierrez de Padilla, etc.) Lors de la c\u00e9l\u00e9bration de la F\u00eate de Notre Dame de Guadalupe \u00e0 Paris, ces pi\u00e8ces musicales trouvent id\u00e9alement leur place dans la liturgie gr\u00e2ce \u00e0 la chorale polyphonique dirig\u00e9e par la maestra Sandrah Silvio.<\/span><\/p>\n\n\n\n<p><span style=\"color:#05638b\" class=\"has-inline-color\">Ajoutons que la messe solennelle est c\u00e9l\u00e9br\u00e9e selon la liturgie traditionnelle de l\u2019\u00e9glise Catholique, aussi appel\u00e9e forme extraordinaire du rit romain. Celle-l\u00e0 m\u00eame \u00e0 laquelle assistait l\u2019indien Juan Diego, il y a 500 ans. D\u2019une grande beaut\u00e9, la messe traditionnelle est aussi d\u2019une richesse spirituelle incomparable. D\u00e8s lors, en assistant \u00e0 cette messe solennelle \u00e0 la vierge de Guadalupe, les fid\u00e8les peuvent se sentir en \u00e9troite communion avec celui qui a eu l\u2019insigne privil\u00e8ge de voir la Sainte Vierge Marie par quatre fois en 1531 sur la colline de Tepeyac.<\/span><\/p>\n\n\n\n<p><span style=\"color:#05638b\" class=\"has-inline-color\">Cet \u00e9v\u00e9nement est c\u00e9l\u00e9br\u00e9 en pr\u00e9sence de pr\u00eatres mexicains et des autres pays d\u2019Am\u00e9rique, ainsi que de pr\u00eatres fran\u00e7ais. Le sermon et les lectures sont prononc\u00e9s en espagnol et en fran\u00e7ais pour une meilleure compr\u00e9hension de tous fid\u00e8les. Le succ\u00e8s de cette c\u00e9r\u00e9monie aupr\u00e8s du public tant latino-am\u00e9ricain que fran\u00e7ais est un signe d\u2019amiti\u00e9 pour notre temps auquel les organisateurs tiennent particuli\u00e8rement.<\/span><\/p>\n\n\n\n<p><strong><span style=\"color:#05638b\" class=\"has-inline-color\">La f\u00eate continue\u2026<\/span><\/strong><\/p>\n\n\n\n<p><span style=\"color:#05638b\" class=\"has-inline-color\">Apr\u00e8s la c\u00e9l\u00e9bration, la f\u00eate continue autour des musiciens mariachis dans une salle paroissiale. C\u2019est l\u2019occasion pour le public de d\u00e9guster des plats et des boissons du Mexique et de chanter les chants populaires du Mexique.<\/span><\/p>\n\n\n\n<p><\/p>\n\n\n\n<div class=\"wp-block-image\"><figure class=\"alignleft size-full\"><img loading=\"lazy\" width=\"1500\" height=\"730\" src=\"http:\/\/notredamedeguadalupeparis.fr\/wp-content\/uploads\/2020\/12\/ima5.jpg\" alt=\"\" class=\"wp-image-240\" srcset=\"https:\/\/notredamedeguadalupeparis.fr\/wp-content\/uploads\/2020\/12\/ima5.jpg 1500w, https:\/\/notredamedeguadalupeparis.fr\/wp-content\/uploads\/2020\/12\/ima5-300x146.jpg 300w, https:\/\/notredamedeguadalupeparis.fr\/wp-content\/uploads\/2020\/12\/ima5-1024x498.jpg 1024w, https:\/\/notredamedeguadalupeparis.fr\/wp-content\/uploads\/2020\/12\/ima5-768x374.jpg 768w\" sizes=\"(max-width: 1500px) 100vw, 1500px\" \/><\/figure><\/div>\n","protected":false},"excerpt":{"rendered":"<p>Una fiesta mexicana celebrada en Europa,\u00a0 Cada 12 de diciembre es un d\u00eda de fiesta para los mexicanos y latinoamericanos que honran la Santa Patrona y protectora. En Par\u00eds, desde hace varios a\u00f1os, una misa solemne se celebra alrededor del 12 de diciembre para honrar la Virgen de Guadalupe. La que lleva los t\u00edtulos de [&hellip;]<\/p>\n","protected":false},"author":1,"featured_media":0,"parent":0,"menu_order":0,"comment_status":"closed","ping_status":"closed","template":"","meta":[],"_links":{"self":[{"href":"https:\/\/notredamedeguadalupeparis.fr\/index.php\/wp-json\/wp\/v2\/pages\/58"}],"collection":[{"href":"https:\/\/notredamedeguadalupeparis.fr\/index.php\/wp-json\/wp\/v2\/pages"}],"about":[{"href":"https:\/\/notredamedeguadalupeparis.fr\/index.php\/wp-json\/wp\/v2\/types\/page"}],"author":[{"embeddable":true,"href":"https:\/\/notredamedeguadalupeparis.fr\/index.php\/wp-json\/wp\/v2\/users\/1"}],"replies":[{"embeddable":true,"href":"https:\/\/notredamedeguadalupeparis.fr\/index.php\/wp-json\/wp\/v2\/comments?post=58"}],"version-history":[{"count":8,"href":"https:\/\/notredamedeguadalupeparis.fr\/index.php\/wp-json\/wp\/v2\/pages\/58\/revisions"}],"predecessor-version":[{"id":638,"href":"https:\/\/notredamedeguadalupeparis.fr\/index.php\/wp-json\/wp\/v2\/pages\/58\/revisions\/638"}],"wp:attachment":[{"href":"https:\/\/notredamedeguadalupeparis.fr\/index.php\/wp-json\/wp\/v2\/media?parent=58"}],"curies":[{"name":"wp","href":"https:\/\/api.w.org\/{rel}","templated":true}]}}

Notre Dame de Guadalupe à Paris

<p><strong>Una fiesta mexicana celebrada en Europa, </strong></p>



<p>Cada 12 de diciembre es un día de fiesta para los mexicanos y latinoamericanos que honran la Santa Patrona y protectora. En París, desde hace varios años, una misa solemne se celebra alrededor del 12 de diciembre para honrar la Virgen de Guadalupe. La que lleva los títulos de Reina de México y emperatriz de las Américas es el objeto de devoción muy grande por todo el mundo, en Francia y especialmente en Paris.&nbsp;</p>



<p>Así, los mexicanos expatriados o de paso en París y los nacionales de otros países de América latina se juntan alrededor de la imagen de la Virgen &#8211; La Tilma &#8211; para cantar con los mariachis los famosos cánticos: “las mañanitas” y ”la Guadalupana”.&nbsp;</p>



<p><strong><span style="color:#05638b" class="has-inline-color">Une fête pour le Mexique et dans le Monde</span></strong></p>



<p><span style="color:#05638b" class="has-inline-color">Depuis plusieurs années, une messe solennelle est célébrée à Paris autour du 12 décembre pour honorer la Vierge de Guadalupe. Chaque 12 décembre c’est jour de fête pour les mexicains et les latino-américains qui honorent leur Sainte Patronne. Celle qui porte les titres de Reine du Mexique et d’Impératrice des Amériques est aussi l’objet d’une grande dévotion de part le Monde et en France tout particulièrement à Paris.</span></p>



<p><span style="color:#05638b" class="has-inline-color">Ainsi, les mexicains expatriés ou de passage en France et les ressortissants des autres pays d’Amérique latine se rassemblent autour de l’image de la Vierge pour chanter avec les musiciens mariachis les fameux cantiques « Las Mañanitas » et « La Guadalupana ». La messe solennelle est célébrée tous les ans dans l’une des plus belles églises parisiennes comme ce fut le cas en 2019 en l’église Saint-Eugène dans le quartier des grands boulevards (9<sup>ème</sup> arr.) ou prochainement en l’église Saint-Roch (1<sup>er</sup> arr.) en 2020, connue pour être la paroisse des Artistes.</span></p>



<p><strong>Música y tradiciones </strong></p>



<p>La misa solemne se celebra cada año en una de las más hermosas iglesias parisinas como fue el caso en 2021 en la Iglesia San Roch (1er distrito) conocida por ser la parroquia de los artistas o como será el caso en 2023 en la magnifica iglesia Saint Eugène de estilo neogótico. </p>



<p>Esa misa es también la ocasión para los fieles de la Virgen de Guadalupe latinoamericanos y los numerosos franceses que asisten, para redescubrir la gran música sagrada del Nuevo Mundo. Innumerables obras compuestas en la Edad de Oro de las catedrales de México y de los virreinatos de América del Sur forman un patrimonio artístico increíble inmenso que queda aún desconocido. Citemos a Manuel de Sumaya, Hernando Franco, Juan Gutiérrez de Padilla, Francisco Lopez Capillas como algunos de los mas destacados compositores de esa época. &nbsp;Durante la celebración de la Fiesta de Nuestra Señora de Guadalupe en París, esas piezas musicales encuentran idealmente su lugar gracias al coro polifónico.&nbsp;</p>



<p><strong><span style="color:#05638b" class="has-inline-color">Musique et traditions</span></strong></p>



<p><span style="color:#05638b" class="has-inline-color">Cette messe est aussi l’occasion pour les fidèles latino-américains et les nombreux français qui y assistent, de redécouvrir la grande musique sacrée du Nouveau Monde. D’innombrables pièces composées à l’Âge d’Or des cathédrales de Mexico et des vice-royautés d’Amérique du sud forment un patrimoine artistique immense insuffisamment connu (Zumaya, H. Franco, J. Gutierrez de Padilla, etc.) Lors de la célébration de la Fête de Notre Dame de Guadalupe à Paris, ces pièces musicales trouvent idéalement leur place dans la liturgie grâce à la chorale polyphonique dirigée par la maestra Sandrah Silvio.</span></p>



<p><span style="color:#05638b" class="has-inline-color">Ajoutons que la messe solennelle est célébrée selon la liturgie traditionnelle de l’église Catholique, aussi appelée forme extraordinaire du rit romain. Celle-là même à laquelle assistait l’indien Juan Diego, il y a 500 ans. D’une grande beauté, la messe traditionnelle est aussi d’une richesse spirituelle incomparable. Dès lors, en assistant à cette messe solennelle à la vierge de Guadalupe, les fidèles peuvent se sentir en étroite communion avec celui qui a eu l’insigne privilège de voir la Sainte Vierge Marie par quatre fois en 1531 sur la colline de Tepeyac.</span></p>



<p><span style="color:#05638b" class="has-inline-color">Cet événement est célébré en présence de prêtres mexicains et des autres pays d’Amérique, ainsi que de prêtres français. Le sermon et les lectures sont prononcés en espagnol et en français pour une meilleure compréhension de tous fidèles. Le succès de cette cérémonie auprès du public tant latino-américain que français est un signe d’amitié pour notre temps auquel les organisateurs tiennent particulièrement.</span></p>



<p><strong><span style="color:#05638b" class="has-inline-color">La fête continue…</span></strong></p>



<p><span style="color:#05638b" class="has-inline-color">Après la célébration, la fête continue autour des musiciens mariachis dans une salle paroissiale. C’est l’occasion pour le public de déguster des plats et des boissons du Mexique et de chanter les chants populaires du Mexique.</span></p>



<p></p>



<div class="wp-block-image"><figure class="alignleft size-full"><img loading="lazy" width="1500" height="730" src="http://notredamedeguadalupeparis.fr/wp-content/uploads/2020/12/ima5.jpg" alt="" class="wp-image-240" srcset="https://notredamedeguadalupeparis.fr/wp-content/uploads/2020/12/ima5.jpg 1500w, https://notredamedeguadalupeparis.fr/wp-content/uploads/2020/12/ima5-300x146.jpg 300w, https://notredamedeguadalupeparis.fr/wp-content/uploads/2020/12/ima5-1024x498.jpg 1024w, https://notredamedeguadalupeparis.fr/wp-content/uploads/2020/12/ima5-768x374.jpg 768w" sizes="(max-width: 1500px) 100vw, 1500px" /></figure></div>

<p>Una fiesta mexicana celebrada en Europa,  Cada 12 de diciembre es un día de fiesta para los mexicanos y latinoamericanos que honran la Santa Patrona y protectora. En París, desde hace varios años, una misa solemne se celebra alrededor del 12 de diciembre para honrar la Virgen de Guadalupe. La que lleva los títulos de [&hellip;]</p>
